 210.
206
Calculate the remainder when 2949089 is divided by 2638.
2443
What is the remainder when 2643047 is divided by 1065?
782
What is the remainder when 13071581 is divided by 36009?
314
Calculate the remainder when 685284 is divided by 69.
45
What is the remainder when 1390276 is divided by 43441?
164
Calculate the remainder when 29416779 is divided by 522.
513
Calculate the remainder when 59385256 is divided by 43.
20
Calculate the remainder when 1320476 is divided by 566.
564
Calculate the remainder when 6370858 is divided by 3185362.
134
Calculate the remainder when 311903 is divided by 7970.
1073
Calculate the remainder when 1311832 is divided by 93700.
32
What is the remainder when 39325 is divided by 255?
55
What is the remainder when 1041162 is divided by 256?
10
Calculate the remainder when 1907370 is divided by 2921.
2878
What is the remainder when 1584633 is divided by 1209?
843
Calculate the remainder when 16984839 is divided by 999103.
88
Calculate the remainder when 6201751 is divided by 233.
223
Calculate the remainder when 4047118 is divided by 40.
38
What is the remainder when 90346721 is divided by 26?
23
Calculate the remainder when 8083843 is divided by 1554.
1489
Calculate the remainder when 10753727 is divided by 192.
191
What is the remainder when 5088710 is divided by 487?
47
Calculate the remainder when 59381 is divided by 3692.
309
Calculate the remainder when 1720074 is divided by 122.
118
Calculate the remainder when 177695558 is divided by 66.
62
Calculate the remainder when 3716017 is divided by 1743.
1684
Calculate the remainder when 15745779 is divided by 47427.
15
What is the remainder when 4862802 is divided by 442072?
10
Calculate the remainder when 26012387 is divided by 13.
11
What is the remainder when 96608 is divided by 921?
824
What is the remainder when 72662445 is divided by 178?
175
What is the remainder when 6870 is divided by 3781?
3089
What is the remainder when 1413845 is divided by 277?
37
What is the remainder when 34308118 is divided by 330?
328
Calculate the remainder when 189871 is divided by 137.
126
Calculate the remainder when 550930 is divided by 3241.
3201
Calculate the remainder when 381379 is divided by 896.
579
What is the remainder when 18916 is divided by 6154?
454
Calculate the remainder when 4072357 is divided by 52.
29
What is the remainder when 80996 is divided by 4055?
3951
What is the remainder when 211204837 is divided by 35?
32
Calculate the remainder when 267127830 is divided by 2019.
2016
Calculate the remainder when 563152 is divided by 227.
192
Calculate the remainder when 3981682 is divided by 199083.
22
What is the remainder when 199734105 is divided by 66578035?
0
What is the remainder when 982723 is divided by 366?
13
What is the remainder when 418008878 is divided by 5072?
5070
What is the remainder when 53106993 is divided by 53106976?
17
Calculate the remainder when 5350099 is divided by 12500.
99
What is the remainder when 1027063 is divided by 22327?
21
Calculate the remainder when 5666423 is divided by 3205.
3188
What is the remainder when 1685835 is divided by 45563?
4
What is the remainder when 9621121 is divided by 47?
33
Calculate the remainder when 158734616 is divided by 22.
18
Calculate the remainder when 3349502 is divided by 3349499.
3
Calculate the remainder when 11176990 is divided by 28.
6
Calculate the remainder when 120299 is divided by 119657.
642
Calculate the remainder when 50386177 is divided by 62.
17
Calculate the remainder when 13922552 is divided by 2400.
152
What is the remainder when 2252728 is divided by 3693?
3691
Calculate the remainder when 10377 is divided by 9545.
832
Calculate the remainder when 194931188 is divided by 602.
578
What is the remainder when 663607877 is divided by 131?
129
What is the remainder when 117817244 is divided by 273?
272
What is the remainder when 221534 is divided by 8111?
2537
What is the remainder when 90228 is divided by 122?
70
What is the remainder when 21938 is divided by 10198?
1542
Calculate the remainder when 14232 is divided by 1279.
163
Calculate the remainder when 3060910 is divided by 6444.
10
Calculate the remainder when 116014 is divided by 749.
668
What is the remainder when 12860 is divided by 2077?
398
What is the remainder when 201778 is divided by 25217?
42
Calculate the remainder when 3365208 is divided by 1682598.
12
Calculate the remainder when 108185739 is divided by 184.
179
Calculate the remainder when 43751 is divided by 1751.
1727
Calculate the remainder when 13353241 is divided by 635.
461
Calculate the remainder when 844453 is divided by 421768.
917
What is the remainder when 6193429 is divided by 1496?
1485
What is the remainder when 1332036 is divided by 443986?
78
Calculate the remainder when 458612 is divided by 16978.
206
What is the remainder when 49907763 is divided by 24953876?
11
Calculate the remainder when 856094 is divided by 20880.
14
What is the remainder when 2559010 is divided by 79?
42
Calculate the remainder when 95329 is divided by 1208.
1105
Calculate the remainder when 1636819 is divided by 22.
19
What is the remainder when 6881554 is divided by 276?
46
What is the remainder when 361406 is divided by 90336?
62
Calculate the remainder when 571311 is divided by 4534.
27
What is the remainder when 31021 is divided by 1628?
89
Calculate the remainder when 391139 is divided by 327.
47
What is the remainder when 112872 is divided by 37598?
78
Calculate the remainder when 1343451 is divided by 7223.
7196
What is the remainder when 65158776 is divided by 194?
190
Calculate the remainder when 5531940 is divided by 74.
70
What is the remainder when 242425 is divided by 1165?
105
Calculate the remainder when 5154602 is divided by 2806.
2786
What is the remainder when 310324 is divided by 3332?
448
Calculate the remainder when 28960784 is divided by 31825.
34
Calculate the remainder when 104060 is divided by 34566.
362
Calculate the remainder when 2161216 is divided by 540299.
20
Calculate the remainder when 93835554 is divided by 40.
34
Calculate the remainder when 144014 is divided by 959.
164
What is the remainder when 962838 is divided by 64188?
18
Calculate the remainder when 732394 is divided by 742.
40
Calculate the remainder when 19481277 is divided by 48.
45
Calculate the remainder when 9799902 is divided by 9561.
9438
Calculate the remainder when 354393511 is divided by 22.
21
Calculate the remainder when 53909 is divided by 13369.
433
What is the remainder when 63828 is divided by 31756?
316
Calculate the remainder when 190663 is divided by 31773.
25
Calculate the remainder when 138542 is divided by 1492.
1278
Calculate the remainder when 5635954 is divided by 27359.
0
Calculate the remainder when 32284459 is divided by 27.
19
What is the remainder when 8541801 is divided by 68?
49
What is the remainder when 152114 is divided by 1269?
1103
Calculate the remainder when 23091 is divided by 788.
239
Calculate the remainder when 19826 is divided by 845.
391
Calculate the remainder when 4523087 is divided by 98.
93
Calculate the remainder when 2279582 is divided by 1139213.
1156
What is the remainder when 154299110 is divided by 2449192?
14
What is the remainder when 6152827 is divided by 104?
83
Calculate the remainder when 21388 is divided by 2914.
990
What is the remainder when 6288952 is divided by 147?
145
Calculate the remainder when 223964 is divided by 606.
350
What is the remainder when 339744 is divided by 84647?
1156
What is the remainder when 33962 is divided by 1541?
60
Calculate the remainder when 57370571 is divided by 879.
878
What is the remainder when 740468 is divided by 1104?
788
What is the remainder when 1649168 is divided by 1697?
1381
What is the remainder when 305281 is divided by 20219?
1996
Calculate the remainder when 6325635 is divided by 8737.
47
Calculate the remainder when 1011720 is divided by 2121.
3
Calculate the remainder when 379388 is divided by 94789.
232
Calculate the remainder when 41359 is divided by 9987.
1411
Calculate the remainder when 80083122 is divided by 286.
262
What is the remainder when 55559150 is divided by 14?
10
What is the remainder when 259110 is divided by 64577?
802
Calculate the remainder 